igit of 517368899?
8
What is the millions digit of 240818494?
0
What is the millions digit of 25695774?
5
What is the ten millions digit of 287198118?
8
What is the thousands digit of 1065835505?
5
What is the ten millions digit of 123927624?
2
What is the units digit of 5831815?
5
What is the hundred thousands digit of 19669295?
6
What is the millions digit of 147395743?
7
What is the hundreds digit of 107510218?
2
What is the billions digit of 1272900310?
1
What is the units digit of 6357790564?
4
What is the tens digit of 34880316?
1
What is the thousands digit of 774132945?
2
What is the hundred millions digit of 2132420677?
1
What is the tens digit of 136697856?
5
What is the ten millions digit of 4025162855?
2
What is the hundreds digit of 54752766?
7
What is the tens digit of 153690503?
0
What is the units digit of 341478500?
0
What is the units digit of 248710729?
9
What is the tens digit of 2857463539?
3
What is the thousands digit of 33884182?
4
What is the ten millions digit of 588283960?
8
What is the ten millions digit of 21945985?
2
What is the hundreds digit of 137307060?
0
What is the ten millions digit of 3711475276?
1
What is the units digit of 8621992613?
3
What is the ten thousands digit of 290535667?
3
What is the ten millions digit of 52243887?
5
What is the hundred millions digit of 291613052?
2
What is the tens digit of 8999529?
2
What is the ten thousands digit of 50446440?
4
What is the hundred thousands digit of 1019839648?
8
What is the units digit of 4949071813?
3
What is the hundred thousands digit of 266686239?
6
What is the hundred thousands digit of 1160383234?
3
What is the hundred thousands digit of 34920898?
9
What is the hundreds digit of 7074483208?
2
What is the ten millions digit of 90542106?
9
What is the ten thousands digit of 19711194?
1
What is the ten thousands digit of 8297825135?
2
What is the thousands digit of 2375829058?
9
What is the thousands digit of 446659673?
9
What is the hundred thousands digit of 643995055?
9
What is the thousands digit of 39736187?
6
What is the ten millions digit of 1339534980?
3
What is the ten thousands digit of 4913745072?
4
What is the hundred millions digit of 3145767264?
1
What is the millions digit of 33547877?
3
What is the hundred thousands digit of 48143430?
1
What is the hundreds digit of 2344283140?
1
What is the hundreds digit of 8627406017?
0
What is the ten thousands digit of 4192708754?
0
What is the tens digit of 119796647?
4
What is the hundred millions digit of 942413707?
9
What is the millions digit of 35192674?
5
What is the ten thousands digit of 1561411066?
1
What is the tens digit of 229615023?
2
What is the hundreds digit of 846070402?
4
What is the ten millions digit of 819663371?
1
What is the hundreds digit of 93556256?
2
What is the hundreds digit of 215067924?
9
What is the millions digit of 325046723?
5
What is the tens digit of 103997248?
4
What is the tens digit of 4164446456?
5
What is the hundred thousands digit of 35959683?
9
What is the millions digit of 386988265?
6
What is the hundred millions digit of 394219814?
3
What is the ten thousands digit of 111940564?
4
What is the thousands digit of 24180056?
0
What is the hundred millions digit of 272510261?
2
What is the thousands digit of 27287622?
7
What is the thousands digit of 108411?
8
What is the hundred thousands digit of 358779987?
7
What is the ten millions digit of 38524829?
3
What is the millions digit of 49742866?
9
What is the tens digit of 12138681?
8
What is the ten millions digit of 352522743?
5
What is the ten thousands digit of 68927185?
2
What is the units digit of 90805040?
0
What is the thousands digit of 1300412286?
2
What is the tens digit of 1498071952?
5
What is the hundred thousands digit of 86062476?
0
What is the billions digit of 1806894083?
1
What is the units digit of 257499016?
6
What is the ten millions digit of 2875840308?
7
What is the hundred thousands digit of 278268996?
2
What is the billions digit of 5093329262?
5
What is the ten millions digit of 1188909649?
8
What is the units digit of 1657578610?
0
What is the units digit of 12705375?
5
What is the ten millions digit of 328340128?
2
What is the tens digit of 15511142?
4
What is the hundreds digit of 147848179?
1
What is the hundred millions digit of 169550095?
1
What is the millions digit of 173200136?
3
What is the hundreds digit of 347977260?
2
What is the tens digit of 458346682?
8
What is the ten millions digit of 1257890384?
5
What is the hundreds digit of 132405226?
2
What is the hundreds digit of 193172029?
0
What is the hundreds digit of 116280261?
2
What is the tens digit of 478038114?
1
What is the hundred millions digit of 223928768?
2
What is the thousands digit of 201525089?
5
What is the ten thousands digit of 189817873?
1
What is the ten millions digit of 1232220314?
3
What is the millions digit of 29459806?
9
What is the billions digit of 1535979171?
1
What is the hundred thousands digit of 1709600703?
6
What is the thousands digit of 142053748?
3
What is the units digit of 31407594?
4
What is the hundred thousands digit of 210156011?
1
What is the millions digit of 318338466?
8
What is the hundreds digit of 1098879490?
4
What is the hundred millions digit of 479999864?
4
What is the units digit of 379861885?
5
What is the thousands digit of 4318563?
8
What is the millions digit of 5236651?
5
What is the tens digit of 50778514?
1
What is the thousands digit of 974870219?
0
What is the millions digit of 148568575?
8
What is the hundred millions digit of 1207680970?
2
What is the hundreds digit of 1465095992?
9
What is the hundred thousands digit of 350471366?
4
What is the units digit of 18106640?
0
What is the hundred thousands digit of 95917063?
9
What is the tens digit of 79418071?
7
What is the hundred thousands digit of 43896696?
8
What is the hundred thousands digit of 4618594?
6
What is the hundred thousands digit of 720119502?
1
What is the hundred thousands digit of 528683895?
6
What is the tens digit of 82559555?
5
What is the ten thousands digit of 62284561?
8
What is the tens digit of 66035877?
7
What is the ten thousands digit of 288964140?
6
What is the millions digit of 29208972?
9
What is the millions digit of 8230221?
8
What is the millions digit of 22177601?
2
What is the tens digit of 506770123?
2
What is the hundred thousands digit of 17593927?
5
What is the units digit of 3309316921?
1
What is the ten thousands digit of 2306353247?
5
What is the thousands digit of 68500582?
0
What is the hundreds digit of 35471433?
4
What is the hundred thousands digit of 1469910731?
9
What is the ten millions digit of 328774856?
2
What is the ten millions digit of 180360028?
8
What is the hundred thousands digit of 28241646?
2
What is the ten millions digit of 148923172?
4
What is the units digit of 1427222814?
4
What is the ten thousands digit of 1463807797?
0
What is the ten millions digit of 298649500?
9
What is the billions digit of 1796900326?
1
What is the hundred thousands digit of 169210182?
2
What is the thousands digit of 70924241?
4
What is the hundreds digit of 54043876?
8
What is the millions digit of 746300213?
6
What is the thousands digit of 62401917?
1
What is the billions digit of 2845872756?
2
What is the ten thousands digit of 1121440919?
4
What is the units digit of 948569844?
4
What is the hundreds digit of 300189427?
4
What is the tens digit of 2531914005?
0
What is the ten millions digit of 342843063?
4
What is the thousands digit of 875146070?
6
What is the ten millions digit of 82910329?
8
What is the hundreds digit of 2096720499?
4
What is the hundred thousands digit of 780843563?
8
What is the ten thousands digit of 12704434?
0
What is the hundred millions digit of 239562803?
2
What is the millions digit of 25351342?
5
What is the hundreds digit of 84731683?
6
What is the units digit of 87308586?
6
What is the hundreds digit of 101236131?
1
What is the thousands digit of 6008066395?
6
What is the hundreds digit of 4063258968?
9
What is the thousands digit of 302742711?
2
What is the hundred thousands digit of 3322246?
3
What is the units digit of 4473115696?
6
What is the hundred millions digit of 2260418231?
2
What is the hundred thousands